{"id":1463,"date":"2020-10-26T17:09:46","date_gmt":"2020-10-26T20:09:46","guid":{"rendered":"http:\/\/christiegiovannetti.com\/site\/?page_id=1463"},"modified":"2025-01-29T22:43:40","modified_gmt":"2025-01-30T01:43:40","slug":"sobre-mim","status":"publish","type":"page","link":"https:\/\/christiegiovannetti.com\/site\/sobre-mim\/","title":{"rendered":"Sobre Mim"},"content":{"rendered":"\t\t<div data-elementor-type=\"wp-page\" data-elementor-id=\"1463\" class=\"elementor elementor-1463\" data-elementor-settings=\"[]\">\n\t\t\t\t\t\t\t<div class=\"elementor-section-wrap\">\n\t\t\t\t\t\t\t<section class=\"elementor-section elementor-top-section elementor-element elementor-element-61229b82 elementor-section-content-bottom elementor-section-full_width elementor-section-stretched elementor-section-height-default elementor-section-height-default\" data-id=\"61229b82\" data-element_type=\"section\" data-settings=\"{&quot;background_background&quot;:&quot;classic&quot;,&quot;stretch_section&quot;:&quot;section-stretched&quot;}\">\n\t\t\t\t\t\t\t<div class=\"elementor-background-overlay\"><\/div>\n\t\t\t\t\t\t\t<div class=\"elementor-container elementor-column-gap-no\">\n\t\t\t\t\t<div class=\"elementor-column elementor-col-50 elementor-top-column elementor-element elementor-element-43275cc1\" data-id=\"43275cc1\" data-element_type=\"column\" data-settings=\"{&quot;background_background&quot;:&quot;classic&quot;}\">\n\t\t\t<div class=\"elementor-widget-wrap elementor-element-populated\">\n\t\t\t\t\t\t\t\t<div class=\"elementor-element elementor-element-181c9bff elementor-widget elementor-widget-heading\" data-id=\"181c9bff\" data-element_type=\"widget\" data-widget_type=\"heading.default\">\n\t\t\t\t<div class=\"elementor-widget-container\">\n\t\t\t<style>\/*! elementor - v3.4.7 - 16-11-2021 *\/\n.elementor-heading-title{padding:0;margin:0;line-height:1}.elementor-widget-heading .elementor-heading-title[class*=elementor-size-]>a{color:inherit;font-size:inherit;line-height:inherit}.elementor-widget-heading .elementor-heading-title.elementor-size-small{font-size:15px}.elementor-widget-heading .elementor-heading-title.elementor-size-medium{font-size:19px}.elementor-widget-heading .elementor-heading-title.elementor-size-large{font-size:29px}.elementor-widget-heading .elementor-heading-title.elementor-size-xl{font-size:39px}.elementor-widget-heading .elementor-heading-title.elementor-size-xxl{font-size:59px}<\/style><h3 class=\"elementor-heading-title elementor-size-default\">Quem \u00e9 Christie Giovannetti?<\/h3>\t\t<\/div>\n\t\t\t\t<\/div>\n\t\t\t\t<div class=\"elementor-element elementor-element-207f01be elementor-widget elementor-widget-text-editor\" data-id=\"207f01be\" data-element_type=\"widget\" data-widget_type=\"text-editor.default\">\n\t\t\t\t<div class=\"elementor-widget-container\">\n\t\t\t<style>\/*! elementor - v3.4.7 - 16-11-2021 *\/\n.elementor-widget-text-editor.elementor-drop-cap-view-stacked .elementor-drop-cap{background-color:#818a91;color:#fff}.elementor-widget-text-editor.elementor-drop-cap-view-framed .elementor-drop-cap{color:#818a91;border:3px solid;background-color:transparent}.elementor-widget-text-editor:not(.elementor-drop-cap-view-default) .elementor-drop-cap{margin-top:8px}.elementor-widget-text-editor:not(.elementor-drop-cap-view-default) .elementor-drop-cap-letter{width:1em;height:1em}.elementor-widget-text-editor .elementor-drop-cap{float:left;text-align:center;line-height:1;font-size:50px}.elementor-widget-text-editor .elementor-drop-cap-letter{display:inline-block}<\/style>\t\t\t\t<p>Em primeiro lugar, amo criar e ajudar as mulheres a se libertarem do medo de n\u00e3o agradar aos outros.<\/p>\n<p>Meu prop\u00f3sito \u00e9 que aprendam a se amar em primeiro lugar para, assim, poderem amar mais os que est\u00e3o \u00e0 sua volta. E estar satisfeita com sua imagem, trabalhar com o que ama e estar confiante faz sua autoestima aumentar cada vez mais!<\/p>\n<p>Minha forma\u00e7\u00e3o em Design Gr\u00e1fico e Marketing me realizou durante muito tempo, cuidando da imagem das empresas, mas senti o chamado de estar mais entre as pessoas e cuidar da imagem pessoal.<\/p>\n<p>Foi a\u00ed que me formei em Consultoria de Imagem e Marketing Pessoal, e come\u00e7ou a minha jornada, que me realiza mais a cada dia. Trabalho nesta \u00e1rea desde 2014 e tenho 3 forma\u00e7\u00f5es completas, sendo uma em Mil\u00e3o. Tamb\u00e9m me especializei em Consultoria Masculina e Marketing Pessoal.<\/p>\n<p>E sou m\u00e3e do Miguel, que completa minha vida e colore meus dias.<\/p>\n<p>Graduada pela UFPR em Design Gr\u00e1fico.<\/p>\n<p>P\u00f3s-graduada em Marketing pela FAE Business School.<\/p>\n<p>Design Estrat\u00e9gico pela UFPR.<\/p>\n<p>Embaixadora e certificada no curso de Gest\u00e3o de Pessoas com \u00canfase em Lideran\u00e7a Organizacional da Escola de Voc\u00ea, escola online criada pelas jornalistas e apresentadoras Ana Paula Padr\u00e3o e Nat\u00e1lia Leite.<\/p>\n<p>Consultora de Imagem e Estilo Pessoal pelo Senac-PR.<\/p>\n<p>Styling e Montagem de Looks, com Chris Francini.<\/p>\n<p>Imagem Pessoal Masculina, com Alexandre Taleb.<\/p>\n<p>Especialista em Marketing Pessoal pela Ponto Pessoal.<\/p>\n<p>Expert Internacional em Imagem Pessoal, em Mil\u00e3o, pela JB Academy.<\/p>\n<p>Associada AICI e l\u00edder do n\u00facleo Paran\u00e1.<\/p>\t\t\t\t\t\t<\/div>\n\t\t\t\t<\/div>\n\t\t\t\t\t<\/div>\n\t\t<\/div>\n\t\t\t\t<div class=\"elementor-column elementor-col-50 elementor-top-column elementor-element elementor-element-32585333\" data-id=\"32585333\" data-element_type=\"column\">\n\t\t\t<div class=\"elementor-widget-wrap elementor-element-populated\">\n\t\t\t\t\t\t\t\t<div class=\"elementor-element elementor-element-5053eb5e elementor-widget elementor-widget-image\" data-id=\"5053eb5e\" data-element_type=\"widget\" data-widget_type=\"image.default\">\n\t\t\t\t<div class=\"elementor-widget-container\">\n\t\t\t<style>\/*! elementor - v3.4.7 - 16-11-2021 *\/\n.elementor-widget-image{text-align:center}.elementor-widget-image a{display:inline-block}.elementor-widget-image a img[src$=\".svg\"]{width:48px}.elementor-widget-image img{vertical-align:middle;display:inline-block}<\/style>\t\t\t\t\t\t\t\t\t\t\t\t<img decoding=\"async\" src=\"https:\/\/christiegiovannetti.com\/site\/wp-content\/uploads\/elementor\/thumbs\/IMG_3437_jpg-scaled-qr286lqhxz49ay3t7snfcidcikoag3nmayigl48m3a.jpg\" title=\"IMG_3437_jpg\" alt=\"IMG_3437_jpg\" \/>\t\t\t\t\t\t\t\t\t\t\t\t\t\t\t<\/div>\n\t\t\t\t<\/div>\n\t\t\t\t\t<\/div>\n\t\t<\/div>\n\t\t\t\t\t\t\t<\/div>\n\t\t<\/section>\n\t\t\t\t\t\t<\/div>\n\t\t\t\t\t<\/div>\n\t\t","protected":false},"excerpt":{"rendered":"<p>Quem \u00e9 Christie Giovannetti? Em primeiro lugar, amo criar e ajudar as mulheres a se libertarem do medo de n\u00e3o agradar aos outros. Meu prop\u00f3sito \u00e9 que aprendam a se amar em primeiro lugar para, assim, poderem amar mais os que est\u00e3o \u00e0 sua volta. E estar satisfeita com sua imagem, trabalhar com o que [&hellip;]<\/p>\n","protected":false},"author":1,"featured_media":0,"parent":0,"menu_order":0,"comment_status":"closed","ping_status":"closed","template":"elementor_header_footer","meta":{"footnotes":""},"class_list":["post-1463","page","type-page","status-publish","hentry"],"yoast_head":"<!-- This site is optimized with the Yoast SEO plugin v17.9 - https:\/\/yoast.com\/wordpress\/plugins\/seo\/ -->\n<title>Sobre Mim - Christie Giovannetti<\/title>\n<meta name=\"robots\" content=\"index, follow, max-snippet:-1, max-image-preview:large, max-video-preview:-1\" \/>\n<link rel=\"canonical\" href=\"https:\/\/christiegiovannetti.com\/site\/sobre-mim\/\" \/>\n<meta property=\"og:locale\" content=\"pt_BR\" \/>\n<meta property=\"og:type\" content=\"article\" \/>\n<meta property=\"og:title\" content=\"Sobre Mim - Christie Giovannetti\" \/>\n<meta property=\"og:description\" content=\"Quem \u00e9 Christie Giovannetti? Em primeiro lugar, amo criar e ajudar as mulheres a se libertarem do medo de n\u00e3o agradar aos outros. Meu prop\u00f3sito \u00e9 que aprendam a se amar em primeiro lugar para, assim, poderem amar mais os que est\u00e3o \u00e0 sua volta. E estar satisfeita com sua imagem, trabalhar com o que [&hellip;]\" \/>\n<meta property=\"og:url\" content=\"https:\/\/christiegiovannetti.com\/site\/sobre-mim\/\" \/>\n<meta property=\"og:site_name\" content=\"Christie Giovannetti\" \/>\n<meta property=\"article:modified_time\" content=\"2025-01-30T01:43:40+00:00\" \/>\n<meta property=\"og:image\" content=\"https:\/\/christiegiovannetti.com\/site\/wp-content\/uploads\/elementor\/thumbs\/IMG_3437_jpg-scaled-qr286lqhxz49ay3t7snfcidcikoag3nmayigl48m3k.jpg\" \/>\n<meta name=\"twitter:card\" content=\"summary_large_image\" \/>\n<meta name=\"twitter:label1\" content=\"Est. tempo de leitura\" \/>\n\t<meta name=\"twitter:data1\" content=\"2 minutos\" \/>\n<script type=\"application\/ld+json\" class=\"yoast-schema-graph\">{\"@context\":\"https:\/\/schema.org\",\"@graph\":[{\"@type\":\"Organization\",\"@id\":\"https:\/\/christiegiovannetti.com\/site\/#organization\",\"name\":\"Christie Giovannetti\",\"url\":\"https:\/\/christiegiovannetti.com\/site\/\",\"sameAs\":[\"https:\/\/www.instagram.com\/chrisimagem\/\",\"https:\/\/www.linkedin.com\/in\/christiegiovannetti\/\",\"https:\/\/www.youtube.com\/SuaImagemSuaMarca\"],\"logo\":{\"@type\":\"ImageObject\",\"@id\":\"https:\/\/christiegiovannetti.com\/site\/#logo\",\"inLanguage\":\"pt-BR\",\"url\":\"https:\/\/christiegiovannetti.com\/site\/wp-content\/uploads\/2025\/06\/logo-full-christiegiovannetti2022-hor.jpg\",\"contentUrl\":\"https:\/\/christiegiovannetti.com\/site\/wp-content\/uploads\/2025\/06\/logo-full-christiegiovannetti2022-hor.jpg\",\"width\":1262,\"height\":433,\"caption\":\"Christie Giovannetti\"},\"image\":{\"@id\":\"https:\/\/christiegiovannetti.com\/site\/#logo\"}},{\"@type\":\"WebSite\",\"@id\":\"https:\/\/christiegiovannetti.com\/site\/#website\",\"url\":\"https:\/\/christiegiovannetti.com\/site\/\",\"name\":\"Christie Giovannetti\",\"description\":\"Imagem e Marca Pessoal Estrat\\u00e9gica\",\"publisher\":{\"@id\":\"https:\/\/christiegiovannetti.com\/site\/#organization\"},\"potentialAction\":[{\"@type\":\"SearchAction\",\"target\":{\"@type\":\"EntryPoint\",\"urlTemplate\":\"https:\/\/christiegiovannetti.com\/site\/?s={search_term_string}\"},\"query-input\":\"required name=search_term_string\"}],\"inLanguage\":\"pt-BR\"},{\"@type\":\"ImageObject\",\"@id\":\"https:\/\/christiegiovannetti.com\/site\/sobre-mim\/#primaryimage\",\"inLanguage\":\"pt-BR\",\"url\":\"https:\/\/christiegiovannetti.com\/site\/wp-content\/uploads\/elementor\/thumbs\/IMG_3437_jpg-scaled-qr286lqhxz49ay3t7snfcidcikoag3nmayigl48m3k.jpg\",\"contentUrl\":\"https:\/\/christiegiovannetti.com\/site\/wp-content\/uploads\/elementor\/thumbs\/IMG_3437_jpg-scaled-qr286lqhxz49ay3t7snfcidcikoag3nmayigl48m3k.jpg\"},{\"@type\":\"WebPage\",\"@id\":\"https:\/\/christiegiovannetti.com\/site\/sobre-mim\/#webpage\",\"url\":\"https:\/\/christiegiovannetti.com\/site\/sobre-mim\/\",\"name\":\"Sobre Mim - Christie Giovannetti\",\"isPartOf\":{\"@id\":\"https:\/\/christiegiovannetti.com\/site\/#website\"},\"primaryImageOfPage\":{\"@id\":\"https:\/\/christiegiovannetti.com\/site\/sobre-mim\/#primaryimage\"},\"datePublished\":\"2020-10-26T20:09:46+00:00\",\"dateModified\":\"2025-01-30T01:43:40+00:00\",\"breadcrumb\":{\"@id\":\"https:\/\/christiegiovannetti.com\/site\/sobre-mim\/#breadcrumb\"},\"inLanguage\":\"pt-BR\",\"potentialAction\":[{\"@type\":\"ReadAction\",\"target\":[\"https:\/\/christiegiovannetti.com\/site\/sobre-mim\/\"]}]},{\"@type\":\"BreadcrumbList\",\"@id\":\"https:\/\/christiegiovannetti.com\/site\/sobre-mim\/#breadcrumb\",\"itemListElement\":[{\"@type\":\"ListItem\",\"position\":1,\"name\":\"In\\u00edcio\",\"item\":\"https:\/\/christiegiovannetti.com\/site\/\"},{\"@type\":\"ListItem\",\"position\":2,\"name\":\"Sobre Mim\"}]}]}<\/script>\n<!-- \/ Yoast SEO plugin. -->","yoast_head_json":{"title":"Sobre Mim - Christie Giovannetti","robots":{"index":"index","follow":"follow","max-snippet":"max-snippet:-1","max-image-preview":"max-image-preview:large","max-video-preview":"max-video-preview:-1"},"canonical":"https:\/\/christiegiovannetti.com\/site\/sobre-mim\/","og_locale":"pt_BR","og_type":"article","og_title":"Sobre Mim - Christie Giovannetti","og_description":"Quem \u00e9 Christie Giovannetti? Em primeiro lugar, amo criar e ajudar as mulheres a se libertarem do medo de n\u00e3o agradar aos outros. Meu prop\u00f3sito \u00e9 que aprendam a se amar em primeiro lugar para, assim, poderem amar mais os que est\u00e3o \u00e0 sua volta. E estar satisfeita com sua imagem, trabalhar com o que [&hellip;]","og_url":"https:\/\/christiegiovannetti.com\/site\/sobre-mim\/","og_site_name":"Christie Giovannetti","article_modified_time":"2025-01-30T01:43:40+00:00","og_image":[{"url":"https:\/\/christiegiovannetti.com\/site\/wp-content\/uploads\/elementor\/thumbs\/IMG_3437_jpg-scaled-qr286lqhxz49ay3t7snfcidcikoag3nmayigl48m3k.jpg"}],"twitter_card":"summary_large_image","twitter_misc":{"Est. tempo de leitura":"2 minutos"},"schema":{"@context":"https:\/\/schema.org","@graph":[{"@type":"Organization","@id":"https:\/\/christiegiovannetti.com\/site\/#organization","name":"Christie Giovannetti","url":"https:\/\/christiegiovannetti.com\/site\/","sameAs":["https:\/\/www.instagram.com\/chrisimagem\/","https:\/\/www.linkedin.com\/in\/christiegiovannetti\/","https:\/\/www.youtube.com\/SuaImagemSuaMarca"],"logo":{"@type":"ImageObject","@id":"https:\/\/christiegiovannetti.com\/site\/#logo","inLanguage":"pt-BR","url":"https:\/\/christiegiovannetti.com\/site\/wp-content\/uploads\/2025\/06\/logo-full-christiegiovannetti2022-hor.jpg","contentUrl":"https:\/\/christiegiovannetti.com\/site\/wp-content\/uploads\/2025\/06\/logo-full-christiegiovannetti2022-hor.jpg","width":1262,"height":433,"caption":"Christie Giovannetti"},"image":{"@id":"https:\/\/christiegiovannetti.com\/site\/#logo"}},{"@type":"WebSite","@id":"https:\/\/christiegiovannetti.com\/site\/#website","url":"https:\/\/christiegiovannetti.com\/site\/","name":"Christie Giovannetti","description":"Imagem e Marca Pessoal Estrat\u00e9gica","publisher":{"@id":"https:\/\/christiegiovannetti.com\/site\/#organization"},"potentialAction":[{"@type":"SearchAction","target":{"@type":"EntryPoint","urlTemplate":"https:\/\/christiegiovannetti.com\/site\/?s={search_term_string}"},"query-input":"required name=search_term_string"}],"inLanguage":"pt-BR"},{"@type":"ImageObject","@id":"https:\/\/christiegiovannetti.com\/site\/sobre-mim\/#primaryimage","inLanguage":"pt-BR","url":"https:\/\/christiegiovannetti.com\/site\/wp-content\/uploads\/elementor\/thumbs\/IMG_3437_jpg-scaled-qr286lqhxz49ay3t7snfcidcikoag3nmayigl48m3k.jpg","contentUrl":"https:\/\/christiegiovannetti.com\/site\/wp-content\/uploads\/elementor\/thumbs\/IMG_3437_jpg-scaled-qr286lqhxz49ay3t7snfcidcikoag3nmayigl48m3k.jpg"},{"@type":"WebPage","@id":"https:\/\/christiegiovannetti.com\/site\/sobre-mim\/#webpage","url":"https:\/\/christiegiovannetti.com\/site\/sobre-mim\/","name":"Sobre Mim - Christie Giovannetti","isPartOf":{"@id":"https:\/\/christiegiovannetti.com\/site\/#website"},"primaryImageOfPage":{"@id":"https:\/\/christiegiovannetti.com\/site\/sobre-mim\/#primaryimage"},"datePublished":"2020-10-26T20:09:46+00:00","dateModified":"2025-01-30T01:43:40+00:00","breadcrumb":{"@id":"https:\/\/christiegiovannetti.com\/site\/sobre-mim\/#breadcrumb"},"inLanguage":"pt-BR","potentialAction":[{"@type":"ReadAction","target":["https:\/\/christiegiovannetti.com\/site\/sobre-mim\/"]}]},{"@type":"BreadcrumbList","@id":"https:\/\/christiegiovannetti.com\/site\/sobre-mim\/#breadcrumb","itemListElement":[{"@type":"ListItem","position":1,"name":"In\u00edcio","item":"https:\/\/christiegiovannetti.com\/site\/"},{"@type":"ListItem","position":2,"name":"Sobre Mim"}]}]}},"_links":{"self":[{"href":"https:\/\/christiegiovannetti.com\/site\/wp-json\/wp\/v2\/pages\/1463","targetHints":{"allow":["GET"]}}],"collection":[{"href":"https:\/\/christiegiovannetti.com\/site\/wp-json\/wp\/v2\/pages"}],"about":[{"href":"https:\/\/christiegiovannetti.com\/site\/wp-json\/wp\/v2\/types\/page"}],"author":[{"embeddable":true,"href":"https:\/\/christiegiovannetti.com\/site\/wp-json\/wp\/v2\/users\/1"}],"replies":[{"embeddable":true,"href":"https:\/\/christiegiovannetti.com\/site\/wp-json\/wp\/v2\/comments?post=1463"}],"version-history":[{"count":34,"href":"https:\/\/christiegiovannetti.com\/site\/wp-json\/wp\/v2\/pages\/1463\/revisions"}],"predecessor-version":[{"id":6142,"href":"https:\/\/christiegiovannetti.com\/site\/wp-json\/wp\/v2\/pages\/1463\/revisions\/6142"}],"wp:attachment":[{"href":"https:\/\/christiegiovannetti.com\/site\/wp-json\/wp\/v2\/media?parent=1463"}],"curies":[{"name":"wp","href":"https:\/\/api.w.org\/{rel}","templated":true}]}}