{"id":2264,"date":"2021-09-27T11:05:23","date_gmt":"2021-09-27T14:05:23","guid":{"rendered":"http:\/\/christiegiovannetti.com\/site\/?page_id=2264"},"modified":"2025-01-30T11:25:04","modified_gmt":"2025-01-30T14:25:04","slug":"consultoria-de-imagem-online","status":"publish","type":"page","link":"https:\/\/christiegiovannetti.com\/site\/consultoria-de-imagem-online\/","title":{"rendered":"Consultoria de Imagem Online"},"content":{"rendered":"\t\t<div data-elementor-type=\"wp-page\" data-elementor-id=\"2264\" class=\"elementor elementor-2264\" data-elementor-settings=\"[]\">\n\t\t\t\t\t\t\t<div class=\"elementor-section-wrap\">\n\t\t\t\t\t\t\t<section class=\"elementor-section elementor-top-section elementor-element elementor-element-32622b76 elementor-section-boxed elementor-section-height-default elementor-section-height-default\" data-id=\"32622b76\" data-element_type=\"section\">\n\t\t\t\t\t\t<div class=\"elementor-container elementor-column-gap-default\">\n\t\t\t\t\t<div class=\"elementor-column elementor-col-100 elementor-top-column elementor-element elementor-element-7057452\" data-id=\"7057452\" data-element_type=\"column\">\n\t\t\t<div class=\"elementor-widget-wrap elementor-element-populated\">\n\t\t\t\t\t\t\t\t<div class=\"elementor-element elementor-element-6398a5e9 elementor-widget elementor-widget-text-editor\" data-id=\"6398a5e9\" data-element_type=\"widget\" data-widget_type=\"text-editor.default\">\n\t\t\t\t<div class=\"elementor-widget-container\">\n\t\t\t<style>\/*! elementor - v3.4.7 - 16-11-2021 *\/\n.elementor-widget-text-editor.elementor-drop-cap-view-stacked .elementor-drop-cap{background-color:#818a91;color:#fff}.elementor-widget-text-editor.elementor-drop-cap-view-framed .elementor-drop-cap{color:#818a91;border:3px solid;background-color:transparent}.elementor-widget-text-editor:not(.elementor-drop-cap-view-default) .elementor-drop-cap{margin-top:8px}.elementor-widget-text-editor:not(.elementor-drop-cap-view-default) .elementor-drop-cap-letter{width:1em;height:1em}.elementor-widget-text-editor .elementor-drop-cap{float:left;text-align:center;line-height:1;font-size:50px}.elementor-widget-text-editor .elementor-drop-cap-letter{display:inline-block}<\/style>\t\t\t\t<!-- wp:paragraph {\"textColor\":\"black\",\"fontSize\":\"medium\"} -->\n<p class=\"has-black-color has-text-color has-medium-font-size\">A consultoria online se diferencia da consultoria presencial em alguns servi\u00e7os que, devido \u00e0 dist\u00e2ncia, ficam impossibilitados de serem desenvolvidos.<\/p>\n<!-- \/wp:paragraph --><!-- wp:paragraph {\"textColor\":\"black\",\"fontSize\":\"medium\"} -->\n<p class=\"has-black-color has-text-color has-medium-font-size\"><strong>Etapas da Consultoria de Imagem Online<\/strong><\/p>\n<!-- \/wp:paragraph --><!-- wp:paragraph {\"textColor\":\"black\",\"fontSize\":\"medium\"} -->\n<p class=\"has-black-color has-text-color has-medium-font-size\"><strong>An\u00e1lises de Bi\u00f3tipo, Teste de Estilo, An\u00e1lise\u00a0Colora\u00e7\u00e3o Pessoal.<\/strong><\/p>\n<!-- \/wp:paragraph --><!-- wp:paragraph {\"textColor\":\"black\",\"fontSize\":\"medium\"} -->\n<p class=\"has-black-color has-text-color has-medium-font-size\">Nesta etapa fazemos uma entrevista pessoal &#8211; via zoom ou outro aplicativo para reuni\u00f5es online &#8211; e envio um question\u00e1rio com perguntas b\u00e1sicas para descobrir o que o cliente deseja, qual imagem quer transmitir e o que busca ao contratar o servi\u00e7o. Assim \u00e9 poss\u00edvel definir uma imagem e estilo condizentes com sua personalidade, prefer\u00eancias, objetivos e estilo de vida.<\/p>\n<!-- \/wp:paragraph --><!-- wp:paragraph {\"textColor\":\"black\",\"fontSize\":\"medium\"} -->\n<p class=\"has-black-color has-text-color has-medium-font-size\">Analisa-se o tipo f\u00edsico destacando quais modelos, tecidos e estampas o valorizam. Se quiser contratar somente a An\u00e1lise de\u00a0Colora\u00e7\u00e3o Pessoal\u00a0clique aqui para saber mais.<\/p>\n<!-- \/wp:paragraph --><!-- wp:paragraph {\"textColor\":\"black\",\"fontSize\":\"medium\"} -->\n<p class=\"has-black-color has-text-color has-medium-font-size\">Determina-se tamb\u00e9m as cores que complementam e harmonizam sua colora\u00e7\u00e3o pessoal, facilitando a compra de roupas e acess\u00f3rios. Esta an\u00e1lise \u00e9 feita com o envio de cards exclusivos do m\u00e9todo DNA Colors, e instru\u00e7\u00f5es para que o cliente se prepare previamente. Desta forma, a an\u00e1lise fica mais precisa.<\/p>\n<!-- \/wp:paragraph --><!-- wp:paragraph {\"textColor\":\"black\",\"fontSize\":\"medium\"} -->\n<p class=\"has-black-color has-text-color has-medium-font-size\"><strong>Adequa\u00e7\u00e3o de Guarda Roupa<\/strong><\/p>\n<!-- \/wp:paragraph --><!-- wp:paragraph {\"textColor\":\"black\",\"fontSize\":\"medium\"} -->\n<p class=\"has-black-color has-text-color has-medium-font-size\">Em seguida s\u00e3o avaliadas as pe\u00e7as que voc\u00ea possui, as que se encaixam no seu bi\u00f3tipo e estilo, as que com pequenos ajustes permanecem, e aquelas que conv\u00eam descartar, seja por n\u00e3o te valorizar ou por fugir muito da imagem que se quer passar.<\/p>\n<!-- \/wp:paragraph --><!-- wp:paragraph {\"textColor\":\"black\",\"fontSize\":\"medium\"} -->\n<p class=\"has-black-color has-text-color has-medium-font-size\">Neste servi\u00e7o online o cliente precisa me mostrar seu guarda roupas com o aux\u00edlio do celular.<\/p>\n<!-- \/wp:paragraph --><!-- wp:paragraph {\"textColor\":\"black\",\"fontSize\":\"medium\"} -->\n<p class=\"has-black-color has-text-color has-medium-font-size\"><strong>Personal Shopper<\/strong><\/p>\n<!-- \/wp:paragraph --><!-- wp:paragraph {\"textColor\":\"black\",\"fontSize\":\"medium\"} -->\n<p class=\"has-black-color has-text-color has-medium-font-size\">Nesta etapa, passo uma sugest\u00e3o de pe\u00e7as que o cliente pode adquirir para ter uma guarda-roupas mais funcional. Caso o cliente compre online, separamos um dia para que eu o acompanhe virtualmente.<\/p>\n<!-- \/wp:paragraph --><!-- wp:paragraph {\"textColor\":\"black\",\"fontSize\":\"medium\"} -->\n<p class=\"has-black-color has-text-color has-medium-font-size\"><strong>Entrega do Projeto de Estilo<\/strong><\/p>\n<!-- \/wp:paragraph --><!-- wp:paragraph {\"textColor\":\"black\",\"fontSize\":\"medium\"} -->\n<p class=\"has-black-color has-text-color has-medium-font-size\">No final da consultoria, \u00e9 entregue o Projeto de Imagem Pessoal, com recomenda\u00e7\u00f5es personalizadas sobre seu estilo, apar\u00eancia, guarda-roupa e com todos os looks que foram coordenados durante o trabalho. O projeto \u00e9 um material online com informa\u00e7\u00f5es te\u00f3ricas e pr\u00e1ticas, totalmente personalizadas sobre sua imagem pessoal. Este material inclui tamb\u00e9m fotos de pe\u00e7as antigas e novas, fazendo sugest\u00f5es de combina\u00e7\u00f5es completas (roupa + sapato + acess\u00f3rios) para diferentes situa\u00e7\u00f5es que fazem parte de sua rotina, com dicas e sugest\u00f5es de coordena\u00e7\u00e3o dentro do seu estilo. Refer\u00eancias tamb\u00e9m de cabelo, maquiagem e acess\u00f3rios.<\/p>\n<!-- \/wp:paragraph --><!-- wp:paragraph {\"textColor\":\"black\",\"fontSize\":\"medium\"} -->\n<p class=\"has-black-color has-text-color has-medium-font-size\">A paleta de cores em forma de leque, a paleta de bolso e o c\u00edrculo crom\u00e1tico s\u00e3o enviados pelo correio para clientes que moram no Brasil. Para cliente de fora do Brasil, o frete \u00e9 cobrado a parte.<\/p>\n<!-- \/wp:paragraph --><!-- wp:paragraph {\"textColor\":\"black\",\"fontSize\":\"medium\"} -->\n<p class=\"has-black-color has-text-color has-medium-font-size\">Agende a sua pelo whats: <a href=\"https:\/\/api.whatsapp.com\/send?phone=554195810885&amp;text=Quero%20contratar%20a%20Consultoria%20de%20Imagem%20online\" target=\"_blank\" rel=\"noreferrer noopener\">(41) 9581.0885<\/a><\/p>\n<!-- \/wp:paragraph -->\t\t\t\t\t\t<\/div>\n\t\t\t\t<\/div>\n\t\t\t\t\t<\/div>\n\t\t<\/div>\n\t\t\t\t\t\t\t<\/div>\n\t\t<\/section>\n\t\t\t\t\t\t<\/div>\n\t\t\t\t\t<\/div>\n\t\t","protected":false},"excerpt":{"rendered":"<p>A consultoria online se diferencia da consultoria presencial em alguns servi\u00e7os que, devido \u00e0 dist\u00e2ncia, ficam impossibilitados de serem desenvolvidos. Etapas da Consultoria de Imagem Online An\u00e1lises de Bi\u00f3tipo, Teste de Estilo, An\u00e1lise\u00a0Colora\u00e7\u00e3o Pessoal. Nesta etapa fazemos uma entrevista pessoal &#8211; via zoom ou outro aplicativo para reuni\u00f5es online &#8211; e envio um question\u00e1rio com [&hellip;]<\/p>\n","protected":false},"author":1,"featured_media":0,"parent":0,"menu_order":0,"comment_status":"closed","ping_status":"closed","template":"","meta":{"footnotes":""},"class_list":["post-2264","page","type-page","status-publish","hentry"],"yoast_head":"<!-- This site is optimized with the Yoast SEO plugin v17.9 - https:\/\/yoast.com\/wordpress\/plugins\/seo\/ -->\n<title>Consultoria de Imagem Online - Christie Giovannetti<\/title>\n<meta name=\"description\" content=\"Consultoria de Imagem Pessoal online. Fa\u00e7a sua consultoria a dist\u00e2ncia pelo m\u00e9todo DesignVc, de Christie Giovannetti\" \/>\n<meta name=\"robots\" content=\"index, follow, max-snippet:-1, max-image-preview:large, max-video-preview:-1\" \/>\n<link rel=\"canonical\" href=\"https:\/\/christiegiovannetti.com\/site\/consultoria-de-imagem-online\/\" \/>\n<meta property=\"og:locale\" content=\"pt_BR\" \/>\n<meta property=\"og:type\" content=\"article\" \/>\n<meta property=\"og:title\" content=\"Consultoria de Imagem Online - Christie Giovannetti\" \/>\n<meta property=\"og:description\" content=\"Consultoria de Imagem Pessoal online. Fa\u00e7a sua consultoria a dist\u00e2ncia pelo m\u00e9todo DesignVc, de Christie Giovannetti\" \/>\n<meta property=\"og:url\" content=\"https:\/\/christiegiovannetti.com\/site\/consultoria-de-imagem-online\/\" \/>\n<meta property=\"og:site_name\" content=\"Christie Giovannetti\" \/>\n<meta property=\"article:modified_time\" content=\"2025-01-30T14:25:04+00:00\" \/>\n<meta name=\"twitter:card\" content=\"summary_large_image\" \/>\n<meta name=\"twitter:label1\" content=\"Est. tempo de leitura\" \/>\n\t<meta name=\"twitter:data1\" content=\"3 minutos\" \/>\n<script type=\"application\/ld+json\" class=\"yoast-schema-graph\">{\"@context\":\"https:\/\/schema.org\",\"@graph\":[{\"@type\":\"Organization\",\"@id\":\"https:\/\/christiegiovannetti.com\/site\/#organization\",\"name\":\"Christie Giovannetti\",\"url\":\"https:\/\/christiegiovannetti.com\/site\/\",\"sameAs\":[\"https:\/\/www.instagram.com\/chrisimagem\/\",\"https:\/\/www.linkedin.com\/in\/christiegiovannetti\/\",\"https:\/\/www.youtube.com\/SuaImagemSuaMarca\"],\"logo\":{\"@type\":\"ImageObject\",\"@id\":\"https:\/\/christiegiovannetti.com\/site\/#logo\",\"inLanguage\":\"pt-BR\",\"url\":\"https:\/\/christiegiovannetti.com\/site\/wp-content\/uploads\/2025\/06\/logo-full-christiegiovannetti2022-hor.jpg\",\"contentUrl\":\"https:\/\/christiegiovannetti.com\/site\/wp-content\/uploads\/2025\/06\/logo-full-christiegiovannetti2022-hor.jpg\",\"width\":1262,\"height\":433,\"caption\":\"Christie Giovannetti\"},\"image\":{\"@id\":\"https:\/\/christiegiovannetti.com\/site\/#logo\"}},{\"@type\":\"WebSite\",\"@id\":\"https:\/\/christiegiovannetti.com\/site\/#website\",\"url\":\"https:\/\/christiegiovannetti.com\/site\/\",\"name\":\"Christie Giovannetti\",\"description\":\"Imagem e Marca Pessoal Estrat\\u00e9gica\",\"publisher\":{\"@id\":\"https:\/\/christiegiovannetti.com\/site\/#organization\"},\"potentialAction\":[{\"@type\":\"SearchAction\",\"target\":{\"@type\":\"EntryPoint\",\"urlTemplate\":\"https:\/\/christiegiovannetti.com\/site\/?s={search_term_string}\"},\"query-input\":\"required name=search_term_string\"}],\"inLanguage\":\"pt-BR\"},{\"@type\":\"WebPage\",\"@id\":\"https:\/\/christiegiovannetti.com\/site\/consultoria-de-imagem-online\/#webpage\",\"url\":\"https:\/\/christiegiovannetti.com\/site\/consultoria-de-imagem-online\/\",\"name\":\"Consultoria de Imagem Online - Christie Giovannetti\",\"isPartOf\":{\"@id\":\"https:\/\/christiegiovannetti.com\/site\/#website\"},\"datePublished\":\"2021-09-27T14:05:23+00:00\",\"dateModified\":\"2025-01-30T14:25:04+00:00\",\"description\":\"Consultoria de Imagem Pessoal online. Fa\\u00e7a sua consultoria a dist\\u00e2ncia pelo m\\u00e9todo DesignVc, de Christie Giovannetti\",\"breadcrumb\":{\"@id\":\"https:\/\/christiegiovannetti.com\/site\/consultoria-de-imagem-online\/#breadcrumb\"},\"inLanguage\":\"pt-BR\",\"potentialAction\":[{\"@type\":\"ReadAction\",\"target\":[\"https:\/\/christiegiovannetti.com\/site\/consultoria-de-imagem-online\/\"]}]},{\"@type\":\"BreadcrumbList\",\"@id\":\"https:\/\/christiegiovannetti.com\/site\/consultoria-de-imagem-online\/#breadcrumb\",\"itemListElement\":[{\"@type\":\"ListItem\",\"position\":1,\"name\":\"In\\u00edcio\",\"item\":\"https:\/\/christiegiovannetti.com\/site\/\"},{\"@type\":\"ListItem\",\"position\":2,\"name\":\"Consultoria de Imagem Online\"}]}]}<\/script>\n<!-- \/ Yoast SEO plugin. -->","yoast_head_json":{"title":"Consultoria de Imagem Online - Christie Giovannetti","description":"Consultoria de Imagem Pessoal online. Fa\u00e7a sua consultoria a dist\u00e2ncia pelo m\u00e9todo DesignVc, de Christie Giovannetti","robots":{"index":"index","follow":"follow","max-snippet":"max-snippet:-1","max-image-preview":"max-image-preview:large","max-video-preview":"max-video-preview:-1"},"canonical":"https:\/\/christiegiovannetti.com\/site\/consultoria-de-imagem-online\/","og_locale":"pt_BR","og_type":"article","og_title":"Consultoria de Imagem Online - Christie Giovannetti","og_description":"Consultoria de Imagem Pessoal online. Fa\u00e7a sua consultoria a dist\u00e2ncia pelo m\u00e9todo DesignVc, de Christie Giovannetti","og_url":"https:\/\/christiegiovannetti.com\/site\/consultoria-de-imagem-online\/","og_site_name":"Christie Giovannetti","article_modified_time":"2025-01-30T14:25:04+00:00","twitter_card":"summary_large_image","twitter_misc":{"Est. tempo de leitura":"3 minutos"},"schema":{"@context":"https:\/\/schema.org","@graph":[{"@type":"Organization","@id":"https:\/\/christiegiovannetti.com\/site\/#organization","name":"Christie Giovannetti","url":"https:\/\/christiegiovannetti.com\/site\/","sameAs":["https:\/\/www.instagram.com\/chrisimagem\/","https:\/\/www.linkedin.com\/in\/christiegiovannetti\/","https:\/\/www.youtube.com\/SuaImagemSuaMarca"],"logo":{"@type":"ImageObject","@id":"https:\/\/christiegiovannetti.com\/site\/#logo","inLanguage":"pt-BR","url":"https:\/\/christiegiovannetti.com\/site\/wp-content\/uploads\/2025\/06\/logo-full-christiegiovannetti2022-hor.jpg","contentUrl":"https:\/\/christiegiovannetti.com\/site\/wp-content\/uploads\/2025\/06\/logo-full-christiegiovannetti2022-hor.jpg","width":1262,"height":433,"caption":"Christie Giovannetti"},"image":{"@id":"https:\/\/christiegiovannetti.com\/site\/#logo"}},{"@type":"WebSite","@id":"https:\/\/christiegiovannetti.com\/site\/#website","url":"https:\/\/christiegiovannetti.com\/site\/","name":"Christie Giovannetti","description":"Imagem e Marca Pessoal Estrat\u00e9gica","publisher":{"@id":"https:\/\/christiegiovannetti.com\/site\/#organization"},"potentialAction":[{"@type":"SearchAction","target":{"@type":"EntryPoint","urlTemplate":"https:\/\/christiegiovannetti.com\/site\/?s={search_term_string}"},"query-input":"required name=search_term_string"}],"inLanguage":"pt-BR"},{"@type":"WebPage","@id":"https:\/\/christiegiovannetti.com\/site\/consultoria-de-imagem-online\/#webpage","url":"https:\/\/christiegiovannetti.com\/site\/consultoria-de-imagem-online\/","name":"Consultoria de Imagem Online - Christie Giovannetti","isPartOf":{"@id":"https:\/\/christiegiovannetti.com\/site\/#website"},"datePublished":"2021-09-27T14:05:23+00:00","dateModified":"2025-01-30T14:25:04+00:00","description":"Consultoria de Imagem Pessoal online. Fa\u00e7a sua consultoria a dist\u00e2ncia pelo m\u00e9todo DesignVc, de Christie Giovannetti","breadcrumb":{"@id":"https:\/\/christiegiovannetti.com\/site\/consultoria-de-imagem-online\/#breadcrumb"},"inLanguage":"pt-BR","potentialAction":[{"@type":"ReadAction","target":["https:\/\/christiegiovannetti.com\/site\/consultoria-de-imagem-online\/"]}]},{"@type":"BreadcrumbList","@id":"https:\/\/christiegiovannetti.com\/site\/consultoria-de-imagem-online\/#breadcrumb","itemListElement":[{"@type":"ListItem","position":1,"name":"In\u00edcio","item":"https:\/\/christiegiovannetti.com\/site\/"},{"@type":"ListItem","position":2,"name":"Consultoria de Imagem Online"}]}]}},"_links":{"self":[{"href":"https:\/\/christiegiovannetti.com\/site\/wp-json\/wp\/v2\/pages\/2264","targetHints":{"allow":["GET"]}}],"collection":[{"href":"https:\/\/christiegiovannetti.com\/site\/wp-json\/wp\/v2\/pages"}],"about":[{"href":"https:\/\/christiegiovannetti.com\/site\/wp-json\/wp\/v2\/types\/page"}],"author":[{"embeddable":true,"href":"https:\/\/christiegiovannetti.com\/site\/wp-json\/wp\/v2\/users\/1"}],"replies":[{"embeddable":true,"href":"https:\/\/christiegiovannetti.com\/site\/wp-json\/wp\/v2\/comments?post=2264"}],"version-history":[{"count":6,"href":"https:\/\/christiegiovannetti.com\/site\/wp-json\/wp\/v2\/pages\/2264\/revisions"}],"predecessor-version":[{"id":6160,"href":"https:\/\/christiegiovannetti.com\/site\/wp-json\/wp\/v2\/pages\/2264\/revisions\/6160"}],"wp:attachment":[{"href":"https:\/\/christiegiovannetti.com\/site\/wp-json\/wp\/v2\/media?parent=2264"}],"curies":[{"name":"wp","href":"https:\/\/api.w.org\/{rel}","templated":true}]}}